{"id":467547,"date":"2026-02-13T09:00:16","date_gmt":"2026-02-13T08:00:16","guid":{"rendered":"https:\/\/www.kleinegoehre.de\/scrap\/?post_type=product&#038;p=467547"},"modified":"2026-02-12T18:52:55","modified_gmt":"2026-02-12T17:52:55","slug":"digitale-papiere-handgeschoepft","status":"publish","type":"product","link":"https:\/\/www.kleinegoehre.de\/scrap\/product\/digitale-papiere-handgeschoepft\/","title":{"rendered":"Digitale Papiere &#8220;Handgesch\u00f6pft&#8221;"},"content":{"rendered":"<p>Hier haben wir ein ganz besonderes Digipapier-Set f\u00fcr euch! Papiere zum Selberdrucken, die aussehen wie handgesch\u00f6pft, mit wundersch\u00f6ner Struktur und einem ganz besonderen Charme. \u2764\ufe0f\ud83d\ude0d\u2728\ufe0f<\/p>\n<p>Die Digipapiere sind unglaublich vielseitig einsetzbar. Ob f\u00fcr Karten, Boxen, Bilderrahmen oder sogar als Geschenkpapier, eurer Kreativit\u00e4t sind keine Grenzen gesetzt. Es gibt unz\u00e4hlige M\u00f6glichkeiten.<\/p>\n<p>Spielt unbedingt auch mit euren Druckereinstellungen. Druckt nicht nur mit der sonst empfohlenen Fotopapier-Einstellung, sondern probiert auch andere Einstellungen und unterschiedliche Papiersorten aus. Ob Fotopapier, Bastelkarton oder sogar Aquarellpapier, jedes Material sorgt f\u00fcr einen ganz eigenen Effekt und l\u00e4sst das Design immer wieder neu wirken. Genau das macht dieses Digipapier-Set so besonders. \u2764\ufe0f\u2764\ufe0f\u2764\ufe0f<\/p>\n<p>Die digitalen Papiere sind im Format 30cm*30cm (300dpi)<\/p>\n<p style=\"text-align: left\">Es handelt sich bei diesem Produkt um digitale Dateien im jpg Format.<\/p>\n","protected":false},"excerpt":{"rendered":"<p>Hier haben wir ein ganz besonderes Digipapier-Set f\u00fcr euch! Papiere zum Selberdrucken, die aussehen wie handgesch\u00f6pft, mit wundersch\u00f6ner Struktur und einem ganz besonderen Charme. \u2764\ufe0f\ud83d\ude0d\u2728\ufe0f Die Digipapiere sind unglaublich vielseitig einsetzbar. Ob f\u00fcr Karten, Boxen, Bilderrahmen oder sogar als Geschenkpapier, eurer Kreativit\u00e4t sind keine Grenzen gesetzt. Es gibt unz\u00e4hlige M\u00f6glichkeiten. Spielt unbedingt auch mit euren [&hellip;]<\/p>\n","protected":false},"featured_media":467550,"comment_status":"open","ping_status":"closed","template":"","meta":[],"product_brand":[],"product_cat":[28],"product_tag":[1264,1265,1263],"class_list":{"0":"post-467547","1":"product","2":"type-product","3":"status-publish","4":"has-post-thumbnail","6":"product_cat-digitale-papiere","7":"product_tag-digipapier","8":"product_tag-handgeschoepft","9":"product_tag-papiere","11":"first","12":"instock","13":"taxable","14":"shipping-taxable","15":"purchasable","16":"product-type-variable","17":"has-default-attributes"},"yoast_head":"<!-- This site is optimized with the Yoast SEO plugin v26.4 - https:\/\/yoast.com\/wordpress\/plugins\/seo\/ -->\n<title>Digitale Papiere &quot;Handgesch\u00f6pft&quot; - kleine g\u00f6hr.e design<\/title>\n<meta name=\"robots\" content=\"index, follow, max-snippet:-1, max-image-preview:large, max-video-preview:-1\" \/>\n<link rel=\"canonical\" href=\"https:\/\/www.kleinegoehre.de\/scrap\/product\/digitale-papiere-handgeschoepft\/\" \/>\n<meta property=\"og:locale\" content=\"de_DE\" \/>\n<meta property=\"og:type\" content=\"article\" \/>\n<meta property=\"og:title\" content=\"Digitale Papiere &quot;Handgesch\u00f6pft&quot; - kleine g\u00f6hr.e design\" \/>\n<meta property=\"og:description\" content=\"Hier haben wir ein ganz besonderes Digipapier-Set f\u00fcr euch! Papiere zum Selberdrucken, die aussehen wie handgesch\u00f6pft, mit wundersch\u00f6ner Struktur und einem ganz besonderen Charme. \u2764\ufe0f\ud83d\ude0d\u2728\ufe0f Die Digipapiere sind unglaublich vielseitig einsetzbar. Ob f\u00fcr Karten, Boxen, Bilderrahmen oder sogar als Geschenkpapier, eurer Kreativit\u00e4t sind keine Grenzen gesetzt. Es gibt unz\u00e4hlige M\u00f6glichkeiten. Spielt unbedingt auch mit euren [&hellip;]\" \/>\n<meta property=\"og:url\" content=\"https:\/\/www.kleinegoehre.de\/scrap\/product\/digitale-papiere-handgeschoepft\/\" \/>\n<meta property=\"og:site_name\" content=\"kleine g\u00f6hr.e design\" \/>\n<meta property=\"article:publisher\" content=\"https:\/\/www.facebook.com\/kleinegoehredesign\/\" \/>\n<meta property=\"og:image\" content=\"https:\/\/www.kleinegoehre.de\/scrap\/wp-content\/uploads\/2026\/02\/Bilder_Handgeschoepft_01-scaled.jpg\" \/>\n\t<meta property=\"og:image:width\" content=\"2560\" \/>\n\t<meta property=\"og:image:height\" content=\"2560\" \/>\n\t<meta property=\"og:image:type\" content=\"image\/jpeg\" \/>\n<meta name=\"twitter:card\" content=\"summary_large_image\" \/>\n<meta name=\"twitter:label1\" content=\"Gesch\u00e4tzte Lesezeit\" \/>\n\t<meta name=\"twitter:data1\" content=\"1\u00a0Minute\" \/>\n<script type=\"application\/ld+json\" class=\"yoast-schema-graph\">{\"@context\":\"https:\/\/schema.org\",\"@graph\":[{\"@type\":\"WebPage\",\"@id\":\"https:\/\/www.kleinegoehre.de\/scrap\/product\/digitale-papiere-handgeschoepft\/\",\"url\":\"https:\/\/www.kleinegoehre.de\/scrap\/product\/digitale-papiere-handgeschoepft\/\",\"name\":\"Digitale Papiere \\\"Handgesch\u00f6pft\\\" - kleine g\u00f6hr.e design\",\"isPartOf\":{\"@id\":\"https:\/\/www.kleinegoehre.de\/scrap\/#website\"},\"primaryImageOfPage\":{\"@id\":\"https:\/\/www.kleinegoehre.de\/scrap\/product\/digitale-papiere-handgeschoepft\/#primaryimage\"},\"image\":{\"@id\":\"https:\/\/www.kleinegoehre.de\/scrap\/product\/digitale-papiere-handgeschoepft\/#primaryimage\"},\"thumbnailUrl\":\"https:\/\/www.kleinegoehre.de\/scrap\/wp-content\/uploads\/2026\/02\/Bilder_Handgeschoepft_01-scaled.jpg\",\"datePublished\":\"2026-02-13T08:00:16+00:00\",\"breadcrumb\":{\"@id\":\"https:\/\/www.kleinegoehre.de\/scrap\/product\/digitale-papiere-handgeschoepft\/#breadcrumb\"},\"inLanguage\":\"de\",\"potentialAction\":[{\"@type\":\"ReadAction\",\"target\":[\"https:\/\/www.kleinegoehre.de\/scrap\/product\/digitale-papiere-handgeschoepft\/\"]}]},{\"@type\":\"ImageObject\",\"inLanguage\":\"de\",\"@id\":\"https:\/\/www.kleinegoehre.de\/scrap\/product\/digitale-papiere-handgeschoepft\/#primaryimage\",\"url\":\"https:\/\/www.kleinegoehre.de\/scrap\/wp-content\/uploads\/2026\/02\/Bilder_Handgeschoepft_01-scaled.jpg\",\"contentUrl\":\"https:\/\/www.kleinegoehre.de\/scrap\/wp-content\/uploads\/2026\/02\/Bilder_Handgeschoepft_01-scaled.jpg\",\"width\":2560,\"height\":2560},{\"@type\":\"BreadcrumbList\",\"@id\":\"https:\/\/www.kleinegoehre.de\/scrap\/product\/digitale-papiere-handgeschoepft\/#breadcrumb\",\"itemListElement\":[{\"@type\":\"ListItem\",\"position\":1,\"name\":\"Startseite\",\"item\":\"https:\/\/www.kleinegoehre.de\/scrap\/\"},{\"@type\":\"ListItem\",\"position\":2,\"name\":\"Shop\",\"item\":\"https:\/\/www.kleinegoehre.de\/scrap\/shop\/\"},{\"@type\":\"ListItem\",\"position\":3,\"name\":\"Digitale Papiere &#8220;Handgesch\u00f6pft&#8221;\"}]},{\"@type\":\"WebSite\",\"@id\":\"https:\/\/www.kleinegoehre.de\/scrap\/#website\",\"url\":\"https:\/\/www.kleinegoehre.de\/scrap\/\",\"name\":\"kleine g\u00f6hr.e design\",\"description\":\"In unser Shop auf kleinegoehre.de findet ihr Plotterdateien zu vielen verschiedenen Themen. Dazu bieten wir euch eine riesen Auswahl an digitalen Papieren.\",\"publisher\":{\"@id\":\"https:\/\/www.kleinegoehre.de\/scrap\/#organization\"},\"potentialAction\":[{\"@type\":\"SearchAction\",\"target\":{\"@type\":\"EntryPoint\",\"urlTemplate\":\"https:\/\/www.kleinegoehre.de\/scrap\/?s={search_term_string}\"},\"query-input\":{\"@type\":\"PropertyValueSpecification\",\"valueRequired\":true,\"valueName\":\"search_term_string\"}}],\"inLanguage\":\"de\"},{\"@type\":\"Organization\",\"@id\":\"https:\/\/www.kleinegoehre.de\/scrap\/#organization\",\"name\":\"kleine g\u00f6hre design\",\"url\":\"https:\/\/www.kleinegoehre.de\/scrap\/\",\"logo\":{\"@type\":\"ImageObject\",\"inLanguage\":\"de\",\"@id\":\"https:\/\/www.kleinegoehre.de\/scrap\/#\/schema\/logo\/image\/\",\"url\":\"https:\/\/www.kleinegoehre.de\/scrap\/wp-content\/uploads\/2018\/06\/14859829_1423290007698523_869036772071302726_o.jpg\",\"contentUrl\":\"https:\/\/www.kleinegoehre.de\/scrap\/wp-content\/uploads\/2018\/06\/14859829_1423290007698523_869036772071302726_o.jpg\",\"width\":1181,\"height\":1181,\"caption\":\"kleine g\u00f6hre design\"},\"image\":{\"@id\":\"https:\/\/www.kleinegoehre.de\/scrap\/#\/schema\/logo\/image\/\"},\"sameAs\":[\"https:\/\/www.facebook.com\/kleinegoehredesign\/\",\"https:\/\/www.youtube.com\/channel\/UCZa4qAhMHSp7-gsPt9Hoy2w\"]}]}<\/script>\n<!-- \/ Yoast SEO plugin. -->","yoast_head_json":{"title":"Digitale Papiere \"Handgesch\u00f6pft\" - kleine g\u00f6hr.e design","robots":{"index":"index","follow":"follow","max-snippet":"max-snippet:-1","max-image-preview":"max-image-preview:large","max-video-preview":"max-video-preview:-1"},"canonical":"https:\/\/www.kleinegoehre.de\/scrap\/product\/digitale-papiere-handgeschoepft\/","og_locale":"de_DE","og_type":"article","og_title":"Digitale Papiere \"Handgesch\u00f6pft\" - kleine g\u00f6hr.e design","og_description":"Hier haben wir ein ganz besonderes Digipapier-Set f\u00fcr euch! Papiere zum Selberdrucken, die aussehen wie handgesch\u00f6pft, mit wundersch\u00f6ner Struktur und einem ganz besonderen Charme. \u2764\ufe0f\ud83d\ude0d\u2728\ufe0f Die Digipapiere sind unglaublich vielseitig einsetzbar. Ob f\u00fcr Karten, Boxen, Bilderrahmen oder sogar als Geschenkpapier, eurer Kreativit\u00e4t sind keine Grenzen gesetzt. Es gibt unz\u00e4hlige M\u00f6glichkeiten. Spielt unbedingt auch mit euren [&hellip;]","og_url":"https:\/\/www.kleinegoehre.de\/scrap\/product\/digitale-papiere-handgeschoepft\/","og_site_name":"kleine g\u00f6hr.e design","article_publisher":"https:\/\/www.facebook.com\/kleinegoehredesign\/","og_image":[{"width":2560,"height":2560,"url":"https:\/\/www.kleinegoehre.de\/scrap\/wp-content\/uploads\/2026\/02\/Bilder_Handgeschoepft_01-scaled.jpg","type":"image\/jpeg"}],"twitter_card":"summary_large_image","twitter_misc":{"Gesch\u00e4tzte Lesezeit":"1\u00a0Minute"},"schema":{"@context":"https:\/\/schema.org","@graph":[{"@type":"WebPage","@id":"https:\/\/www.kleinegoehre.de\/scrap\/product\/digitale-papiere-handgeschoepft\/","url":"https:\/\/www.kleinegoehre.de\/scrap\/product\/digitale-papiere-handgeschoepft\/","name":"Digitale Papiere \"Handgesch\u00f6pft\" - kleine g\u00f6hr.e design","isPartOf":{"@id":"https:\/\/www.kleinegoehre.de\/scrap\/#website"},"primaryImageOfPage":{"@id":"https:\/\/www.kleinegoehre.de\/scrap\/product\/digitale-papiere-handgeschoepft\/#primaryimage"},"image":{"@id":"https:\/\/www.kleinegoehre.de\/scrap\/product\/digitale-papiere-handgeschoepft\/#primaryimage"},"thumbnailUrl":"https:\/\/www.kleinegoehre.de\/scrap\/wp-content\/uploads\/2026\/02\/Bilder_Handgeschoepft_01-scaled.jpg","datePublished":"2026-02-13T08:00:16+00:00","breadcrumb":{"@id":"https:\/\/www.kleinegoehre.de\/scrap\/product\/digitale-papiere-handgeschoepft\/#breadcrumb"},"inLanguage":"de","potentialAction":[{"@type":"ReadAction","target":["https:\/\/www.kleinegoehre.de\/scrap\/product\/digitale-papiere-handgeschoepft\/"]}]},{"@type":"ImageObject","inLanguage":"de","@id":"https:\/\/www.kleinegoehre.de\/scrap\/product\/digitale-papiere-handgeschoepft\/#primaryimage","url":"https:\/\/www.kleinegoehre.de\/scrap\/wp-content\/uploads\/2026\/02\/Bilder_Handgeschoepft_01-scaled.jpg","contentUrl":"https:\/\/www.kleinegoehre.de\/scrap\/wp-content\/uploads\/2026\/02\/Bilder_Handgeschoepft_01-scaled.jpg","width":2560,"height":2560},{"@type":"BreadcrumbList","@id":"https:\/\/www.kleinegoehre.de\/scrap\/product\/digitale-papiere-handgeschoepft\/#breadcrumb","itemListElement":[{"@type":"ListItem","position":1,"name":"Startseite","item":"https:\/\/www.kleinegoehre.de\/scrap\/"},{"@type":"ListItem","position":2,"name":"Shop","item":"https:\/\/www.kleinegoehre.de\/scrap\/shop\/"},{"@type":"ListItem","position":3,"name":"Digitale Papiere &#8220;Handgesch\u00f6pft&#8221;"}]},{"@type":"WebSite","@id":"https:\/\/www.kleinegoehre.de\/scrap\/#website","url":"https:\/\/www.kleinegoehre.de\/scrap\/","name":"kleine g\u00f6hr.e design","description":"In unser Shop auf kleinegoehre.de findet ihr Plotterdateien zu vielen verschiedenen Themen. Dazu bieten wir euch eine riesen Auswahl an digitalen Papieren.","publisher":{"@id":"https:\/\/www.kleinegoehre.de\/scrap\/#organization"},"potentialAction":[{"@type":"SearchAction","target":{"@type":"EntryPoint","urlTemplate":"https:\/\/www.kleinegoehre.de\/scrap\/?s={search_term_string}"},"query-input":{"@type":"PropertyValueSpecification","valueRequired":true,"valueName":"search_term_string"}}],"inLanguage":"de"},{"@type":"Organization","@id":"https:\/\/www.kleinegoehre.de\/scrap\/#organization","name":"kleine g\u00f6hre design","url":"https:\/\/www.kleinegoehre.de\/scrap\/","logo":{"@type":"ImageObject","inLanguage":"de","@id":"https:\/\/www.kleinegoehre.de\/scrap\/#\/schema\/logo\/image\/","url":"https:\/\/www.kleinegoehre.de\/scrap\/wp-content\/uploads\/2018\/06\/14859829_1423290007698523_869036772071302726_o.jpg","contentUrl":"https:\/\/www.kleinegoehre.de\/scrap\/wp-content\/uploads\/2018\/06\/14859829_1423290007698523_869036772071302726_o.jpg","width":1181,"height":1181,"caption":"kleine g\u00f6hre design"},"image":{"@id":"https:\/\/www.kleinegoehre.de\/scrap\/#\/schema\/logo\/image\/"},"sameAs":["https:\/\/www.facebook.com\/kleinegoehredesign\/","https:\/\/www.youtube.com\/channel\/UCZa4qAhMHSp7-gsPt9Hoy2w"]}]}},"_links":{"self":[{"href":"https:\/\/www.kleinegoehre.de\/scrap\/wp-json\/wp\/v2\/product\/467547","targetHints":{"allow":["GET"]}}],"collection":[{"href":"https:\/\/www.kleinegoehre.de\/scrap\/wp-json\/wp\/v2\/product"}],"about":[{"href":"https:\/\/www.kleinegoehre.de\/scrap\/wp-json\/wp\/v2\/types\/product"}],"replies":[{"embeddable":true,"href":"https:\/\/www.kleinegoehre.de\/scrap\/wp-json\/wp\/v2\/comments?post=467547"}],"wp:featuredmedia":[{"embeddable":true,"href":"https:\/\/www.kleinegoehre.de\/scrap\/wp-json\/wp\/v2\/media\/467550"}],"wp:attachment":[{"href":"https:\/\/www.kleinegoehre.de\/scrap\/wp-json\/wp\/v2\/media?parent=467547"}],"wp:term":[{"taxonomy":"product_brand","embeddable":true,"href":"https:\/\/www.kleinegoehre.de\/scrap\/wp-json\/wp\/v2\/product_brand?post=467547"},{"taxonomy":"product_cat","embeddable":true,"href":"https:\/\/www.kleinegoehre.de\/scrap\/wp-json\/wp\/v2\/product_cat?post=467547"},{"taxonomy":"product_tag","embeddable":true,"href":"https:\/\/www.kleinegoehre.de\/scrap\/wp-json\/wp\/v2\/product_tag?post=467547"}],"curies":[{"name":"wp","href":"https:\/\/api.w.org\/{rel}","templated":true}]}}