{"id":327163,"date":"2023-01-09T14:38:32","date_gmt":"2023-01-09T13:38:32","guid":{"rendered":"https:\/\/www.kleinegoehre.de\/scrap\/?page_id=327163"},"modified":"2025-09-22T22:10:07","modified_gmt":"2025-09-22T20:10:07","slug":"neuigkeiten","status":"publish","type":"page","link":"https:\/\/www.kleinegoehre.de\/scrap\/neuigkeiten\/","title":{"rendered":"Neuigkeiten"},"content":{"rendered":"\n<p>Hier findet ihr alle \u00c4nderungen an bestehenden Sets<\/p>\n\n\n\n<p>22.09.2025<\/p>\n\n\n\n<ul class=\"wp-block-list\">\n<li><a href=\"https:\/\/www.kleinegoehre.de\/scrap\/product\/plotterdatei-digitale-stempeltexte-allerlei\/\">Digitale Stempeltexte Allerlei<\/a>\n<ul class=\"wp-block-list\">\n<li>Ordner Elemente (Korrektur)<\/li>\n<\/ul>\n<\/li>\n<\/ul>\n\n\n\n<p>28.08.2025<\/p>\n\n\n\n<ul class=\"wp-block-list\">\n<li><a href=\"https:\/\/www.kleinegoehre.de\/scrap\/product\/3d-druck-datei-kloetzchentexte-meerweh\/\">Kl\u00f6tzchentexte Meerweh<\/a> (Korrektur)<\/li>\n<\/ul>\n\n\n\n<p>28.07.2025<\/p>\n\n\n\n<ul class=\"wp-block-list\">\n<li><a href=\"https:\/\/www.kleinegoehre.de\/scrap\/product\/3d-druck-datei-genusshaeuschen-serviettenhaeuschen-klein-modern\/\">Genussh\u00e4uschen klein &#8211; modern<\/a> (andere 3mf-Version f\u00fcr Cura)<\/li>\n<\/ul>\n\n\n\n<p>28.07.2025<\/p>\n\n\n\n<ul class=\"wp-block-list\">\n<li><a href=\"https:\/\/www.kleinegoehre.de\/scrap\/product\/3d-druck-datei-genusshaeuschen-serviettenhaeuschen-klein-klassisch\/\">Genussh\u00e4uschen klein &#8211; klassisch<\/a> (andere 3mf-Version f\u00fcr Cura)<\/li>\n<\/ul>\n\n\n\n<p>28.07.2025<\/p>\n\n\n\n<ul class=\"wp-block-list\">\n<li><a href=\"https:\/\/www.kleinegoehre.de\/scrap\/product\/3d-druck-datei-genusshaeuschen-serviettenhaeuschen-gross-modern\/\">Genussh\u00e4uschen gro\u00df &#8211; modern<\/a> (andere 3mf-Version f\u00fcr Cura)<\/li>\n<\/ul>\n\n\n\n<p>28.07.2025<\/p>\n\n\n\n<ul class=\"wp-block-list\">\n<li><a href=\"https:\/\/www.kleinegoehre.de\/scrap\/product\/3d-druck-datei-genusshaeuschen-serviettenhaeuschen-gross-klassisch\/\">Genussh\u00e4uschen gro\u00df &#8211; klassisch<\/a> (andere 3mf-Version f\u00fcr Cura)<\/li>\n<\/ul>\n\n\n\n<p>17.07.2025<\/p>\n\n\n\n<ul class=\"wp-block-list\">\n<li><a href=\"https:\/\/www.kleinegoehre.de\/scrap\/product\/3d-druck-datei-kloetzchentexte-gratulation\/\">Kl\u00f6tzchentexte Gratulation<\/a> (Korrektur) <\/li>\n<\/ul>\n\n\n\n<p>13.07.2025<\/p>\n\n\n\n<ul class=\"wp-block-list\">\n<li><a href=\"https:\/\/www.kleinegoehre.de\/scrap\/product\/3d-druck-datei-kerzenhalter-dreierlei\/\">Kerzenhalter Dreierlei<\/a> (3mf erg\u00e4nzt)<\/li>\n<\/ul>\n\n\n\n<p>07.04.2025<\/p>\n\n\n\n<ul class=\"wp-block-list\">\n<li><a href=\"https:\/\/www.kleinegoehre.de\/scrap\/product\/plotterdatei-mix-it-trauer\/\">Mix it &#8211; Trauer<\/a>\n<ul class=\"wp-block-list\">\n<li>Ordner Mix it_Trauer (Korrektur)<\/li>\n<\/ul>\n<\/li>\n<\/ul>\n\n\n\n<p>26.03.2025<\/p>\n\n\n\n<ul class=\"wp-block-list\">\n<li><a href=\"https:\/\/www.kleinegoehre.de\/scrap\/product\/plotterdatei-hast-du-mehr-moehrchen\/\">Hast du mehr M\u00f6hrchen<\/a>\n<ul class=\"wp-block-list\">\n<li>Ordner Papiere Muster 1<\/li>\n<\/ul>\n<\/li>\n<\/ul>\n\n\n\n<p>05.02.2025<\/p>\n\n\n\n<ul class=\"wp-block-list\">\n<li><a href=\"https:\/\/www.kleinegoehre.de\/scrap\/product\/karten-und-boxen-3\/\">Karten und Boxen 3<\/a> (Leporello, doppelte SVGs gel\u00f6scht)<\/li>\n<\/ul>\n\n\n\n<p>19.12.2024<\/p>\n\n\n\n<ul class=\"wp-block-list\">\n<li><a href=\"https:\/\/www.kleinegoehre.de\/scrap\/product\/plotterdatei-in-ruhe\/\">In Ruhe<\/a>\n<ul class=\"wp-block-list\">\n<li>Ordner Elemente (Erg\u00e4nzung)<\/li>\n<\/ul>\n<\/li>\n<\/ul>\n\n\n\n<p>26.11.2024<\/p>\n\n\n\n<ul class=\"wp-block-list\">\n<li><a href=\"https:\/\/www.kleinegoehre.de\/scrap\/product\/plotterdatei-weihnachtszeit\/\">Weihnachtszeit<\/a>\n<ul class=\"wp-block-list\">\n<li>Ordner Elemente (Korrektur)<\/li>\n<\/ul>\n<\/li>\n<\/ul>\n\n\n\n<p>23.11.2024<\/p>\n\n\n\n<ul class=\"wp-block-list\">\n<li><a href=\"https:\/\/www.kleinegoehre.de\/scrap\/product\/plotterdatei-silvesterwuensche-2025-2027\/\">Silvesterw\u00fcnsche 2025 &#8211; 2027<\/a>\n<ul class=\"wp-block-list\">\n<li>Ordner Elemente (Korrektur)<\/li>\n<\/ul>\n<\/li>\n<\/ul>\n\n\n\n<p>20.11.2024<\/p>\n\n\n\n<ul class=\"wp-block-list\">\n<li><a href=\"https:\/\/www.kleinegoehre.de\/scrap\/product\/plotterdatei-pinguin-co-papiere\/\">Pinguin &amp; Co.<\/a>\n<ul class=\"wp-block-list\">\n<li>Ordner Elemente (Korrektur)<\/li>\n<\/ul>\n<\/li>\n<\/ul>\n\n\n\n<p>20.11.2024<\/p>\n\n\n\n<ul class=\"wp-block-list\">\n<li><a href=\"https:\/\/www.kleinegoehre.de\/scrap\/product\/plotterdatei-boxen-basic\/\">Basic Boxen<\/a> (Korrektur)<\/li>\n<\/ul>\n\n\n\n<p>09.11.2024<\/p>\n\n\n\n<ul class=\"wp-block-list\">\n<li>Papiere <a href=\"https:\/\/www.kleinegoehre.de\/scrap\/product\/digitale-papiere-schlicht-gepraegt-weihnachten\/\">&#8220;Schlicht gepr\u00e4gt Weihnachten&#8221;<\/a>\n<ul class=\"wp-block-list\">\n<li>Ordner Schrift <\/li>\n<\/ul>\n<\/li>\n<\/ul>\n\n\n\n<p>30.09.2024<\/p>\n\n\n\n<ul class=\"wp-block-list\">\n<li><a href=\"https:\/\/www.kleinegoehre.de\/scrap\/product\/plotterdatei-genussmomente\/\">Genussmomente<\/a>\n<ul class=\"wp-block-list\">\n<li>Ordnern Elemente (Korrektur)<\/li>\n<\/ul>\n<\/li>\n<\/ul>\n\n\n\n<p>23.09.2024<\/p>\n\n\n\n<ul class=\"wp-block-list\">\n<li><a href=\"https:\/\/www.kleinegoehre.de\/scrap\/product\/plotterdatei-verschmolzene-worte\/\">Verschmolzene Worte<\/a> (Korrektur) <\/li>\n<\/ul>\n\n\n\n<p>06.08.2024<\/p>\n\n\n\n<ul class=\"wp-block-list\">\n<li><a href=\"https:\/\/www.kleinegoehre.de\/scrap\/product\/plotterdatei-du-kakadu\/\">Du Kakadu<\/a>\n<ul class=\"wp-block-list\">\n<li>Ordner Papiere Punkte &amp; Co<\/li>\n<\/ul>\n<\/li>\n<\/ul>\n\n\n\n<p>19.04.2024<\/p>\n\n\n\n<ul class=\"wp-block-list\">\n<li><a href=\"https:\/\/www.kleinegoehre.de\/scrap\/product\/plotterdatei-sonne-im-herzen\/\">Sonne im Herzen<\/a>\n<ul class=\"wp-block-list\">\n<li>Ordner Elemente (Kolorationen + Outlines)<\/li>\n<\/ul>\n<\/li>\n<\/ul>\n\n\n\n<p>16.04.2024<\/p>\n\n\n\n<ul class=\"wp-block-list\">\n<li><a href=\"https:\/\/www.kleinegoehre.de\/scrap\/product\/plotterdatei-werkzeugkasten\/\">Werkzeugkasten<\/a>\n<ul class=\"wp-block-list\">\n<li>Ordner Elemente (Kolorationen + Outlines)<\/li>\n<\/ul>\n<\/li>\n<\/ul>\n\n\n\n<p>30.03.2024<\/p>\n\n\n\n<ul class=\"wp-block-list\">\n<li><a href=\"https:\/\/www.kleinegoehre.de\/scrap\/product\/plotterdatei-fruehlingsboten\/\">Fr\u00fchlingsboten<\/a>\n<ul class=\"wp-block-list\">\n<li>Ordner Elemente (Aquarellkolorationen) <\/li>\n<\/ul>\n<\/li>\n<\/ul>\n\n\n\n<p>25.02.2024<\/p>\n\n\n\n<ul class=\"wp-block-list\">\n<li><a href=\"https:\/\/www.kleinegoehre.de\/scrap\/product\/plotterdatei-stilvoll-durchs-jahr\/\">Stilvoll durchs Jahr<\/a>\n<ul class=\"wp-block-list\">\n<li>Ordner Elemente (Trauzeugin\/Trauzeuge f\u00fcr DS angepasst)<\/li>\n<\/ul>\n<\/li>\n<\/ul>\n\n\n\n<p>09.02.2024<\/p>\n\n\n\n<ul class=\"wp-block-list\">\n<li><a href=\"https:\/\/www.kleinegoehre.de\/scrap\/product\/plotterdatei-shirtliebe-die-dritte\/\">Shirtliebe die Dritte<\/a> (Korrektur)<\/li>\n<\/ul>\n\n\n\n<p>24.01.2024<\/p>\n\n\n\n<ul class=\"wp-block-list\">\n<li><a href=\"https:\/\/www.kleinegoehre.de\/scrap\/product\/plotterdatei-du-bist-genug\/\">Du bist genug<\/a>\n<ul class=\"wp-block-list\">\n<li>Ordner Elemente <\/li>\n<\/ul>\n<\/li>\n<\/ul>\n\n\n\n<p>18.01.2024<\/p>\n\n\n\n<ul class=\"wp-block-list\">\n<li><a href=\"https:\/\/www.kleinegoehre.de\/scrap\/product\/plotterdatei-fruehlingsboten\/\">Fr\u00fchlingsboten<\/a>\n<ul class=\"wp-block-list\">\n<li>Ordner Elemente (Text erg\u00e4nzt)<\/li>\n<\/ul>\n<\/li>\n<\/ul>\n\n\n\n<p>07.11.2023<\/p>\n\n\n\n<ul class=\"wp-block-list\">\n<li><a href=\"https:\/\/www.kleinegoehre.de\/scrap\/product\/3d_dateien\/\">3D Tasssen- und Kartenaufleger<\/a> \n<ul class=\"wp-block-list\">\n<li>Set &#8220;Weihnachtszauber&#8221; (Korrektur)<\/li>\n<\/ul>\n<\/li>\n<\/ul>\n\n\n\n<p>27.10.2023<\/p>\n\n\n\n<ul class=\"wp-block-list\">\n<li><a href=\"https:\/\/www.kleinegoehre.de\/scrap\/product\/plotterdatei-winter-wonderland\/\">Winter Wonderland<\/a>\n<ul class=\"wp-block-list\">\n<li>Ordner Elemente (Erg\u00e4nzung)<\/li>\n<\/ul>\n<\/li>\n<\/ul>\n\n\n\n<p>10.10.2023<\/p>\n\n\n\n<ul class=\"wp-block-list\">\n<li><a href=\"https:\/\/www.kleinegoehre.de\/scrap\/product\/plotterdatei-geisterstunde\/\">Geisterstunde<\/a>\n<ul class=\"wp-block-list\">\n<li>Ordner Elemente (fehlende Einzelelement erg\u00e4nzt)<\/li>\n<\/ul>\n<\/li>\n<\/ul>\n\n\n\n<p>09.10.2023 <\/p>\n\n\n\n<ul class=\"wp-block-list\">\n<li><a href=\"https:\/\/www.kleinegoehre.de\/scrap\/product\/plotterdatei-rehleinliebe\/\">Rehleinliebe<\/a>\n<ul class=\"wp-block-list\">\n<li>Ordner Elemente (Vorschaubild Laser-Teelicht erg\u00e4nzt + PDF ausgetasucht)<\/li>\n<\/ul>\n<\/li>\n<\/ul>\n\n\n\n<p>03.10.2023<\/p>\n\n\n\n<ul class=\"wp-block-list\">\n<li><a href=\"https:\/\/www.kleinegoehre.de\/scrap\/product\/michis-woerter-zu-wasserfarben\/\">Michis W\u00f6rter zu Wasserfarben<\/a>\n<ul class=\"wp-block-list\">\n<li>Ordner Elemente  <\/li>\n<\/ul>\n<\/li>\n<\/ul>\n\n\n\n<p>28.09.2023<\/p>\n\n\n\n<ul class=\"wp-block-list\">\n<li><a href=\"https:\/\/www.kleinegoehre.de\/scrap\/product\/plotterdatei-fall-in-love\/\">Fall in love<\/a>\n<ul class=\"wp-block-list\">\n<li>Ordner Elemente (Korrektur)<\/li>\n<\/ul>\n<\/li>\n<\/ul>\n\n\n\n<p>18.09.2023<\/p>\n\n\n\n<ul class=\"wp-block-list\">\n<li><a href=\"https:\/\/www.kleinegoehre.de\/scrap\/product\/plotterdatei-angehaengt-und-aufgeklebt\/\">Angeh\u00e4ngt und aufgeklebt<\/a>\n<ul class=\"wp-block-list\">\n<li>Ordner Elemente (Buttonkarte f\u00fcr DS abge\u00e4ndert)<\/li>\n<\/ul>\n<\/li>\n<\/ul>\n\n\n\n<p>12.09.2023<\/p>\n\n\n\n<ul class=\"wp-block-list\">\n<li><a href=\"https:\/\/www.kleinegoehre.de\/scrap\/product\/plotterdatei-mini-i-mog-di\/\">Mini &#8211; I mog di<\/a>\n<ul class=\"wp-block-list\">\n<li>Ordner Elemente (DXF getauscht)<\/li>\n<\/ul>\n<\/li>\n<\/ul>\n\n\n\n<p>01.09.2023 (11:22 Uhr)<\/p>\n\n\n\n<ul class=\"wp-block-list\">\n<li><a href=\"https:\/\/www.kleinegoehre.de\/scrap\/product\/plotterdatei-musikverliebt\/\">Musikverliebt<\/a>\n<ul class=\"wp-block-list\">\n<li>Ordner Elemente (Pommesgabel)<\/li>\n<\/ul>\n<\/li>\n<\/ul>\n\n\n\n<p>21.08.2023<\/p>\n\n\n\n<ul class=\"wp-block-list\">\n<li><a href=\"https:\/\/www.kleinegoehre.de\/scrap\/product\/plotterdatei-angehaengt-und-aufgeklebt\/\">Angeh\u00e4ngt und aufgeklebt<\/a>\n<ul class=\"wp-block-list\">\n<li>Ordner Elemente (Farbschema erg\u00e4nzt)<\/li>\n<\/ul>\n<\/li>\n<\/ul>\n\n\n\n<p>18.08.2023<\/p>\n\n\n\n<ul class=\"wp-block-list\">\n<li><a href=\"https:\/\/www.kleinegoehre.de\/scrap\/product\/plotterdatei-weihnachtliche-kerzengruesse\/\">Weihnachtliche Kerzengr\u00fc\u00dfe<\/a>\n<ul class=\"wp-block-list\">\n<li>Ordner Weihnachtliche Kerzengr\u00fc\u00dfe (PDF erg\u00e4nzt)<\/li>\n<\/ul>\n<\/li>\n<\/ul>\n\n\n\n<p>31.07.2023<\/p>\n\n\n\n<ul class=\"wp-block-list\">\n<li><a href=\"https:\/\/www.kleinegoehre.de\/scrap\/product\/plotterdatei-geburtstagssause\/\">Geburtstagssause<\/a>\n<ul class=\"wp-block-list\">\n<li>Ordner Elemente (Vorschau 3D-Hei\u00dfluftballon erg\u00e4nzt)<\/li>\n<\/ul>\n<\/li>\n<\/ul>\n\n\n\n<p>24.07.2023<\/p>\n\n\n\n<ul class=\"wp-block-list\">\n<li><a href=\"https:\/\/www.kleinegoehre.de\/scrap\/product\/plotterdatei-schule-ist-toll\/\">Schule ist toll<\/a>\n<ul class=\"wp-block-list\">\n<li>Ordner Elemente (Stundenplan f\u00fcr DS farbig hinterlegt)<\/li>\n<\/ul>\n<\/li>\n<\/ul>\n\n\n\n<p>24.07.2023<\/p>\n\n\n\n<ul class=\"wp-block-list\">\n<li><a href=\"https:\/\/www.kleinegoehre.de\/scrap\/product\/plotterdatei-shirtliebe-die-zweite\/\">Shirtliebe die Zweite<\/a>\n<ul class=\"wp-block-list\">\n<li> Ordner Elemente (Text &#8220;follow your DREAMS&#8221;)<\/li>\n<\/ul>\n<\/li>\n<\/ul>\n\n\n\n<p>18.06.2023<\/p>\n\n\n\n<ul class=\"wp-block-list\">\n<li><a href=\"https:\/\/www.kleinegoehre.de\/scrap\/product\/plotterdatei-definitionssache-menschenskinder\/\">Definitionssache Menschenskinder<\/a>\n<ul class=\"wp-block-list\">\n<li>Ordner Definitionssache Menschenskinder (Lehrerin \/ Erzieherin)<\/li>\n<\/ul>\n<\/li>\n<\/ul>\n\n\n\n<p>12.06.2023 <\/p>\n\n\n\n<ul class=\"wp-block-list\">\n<li><a href=\"https:\/\/www.kleinegoehre.de\/scrap\/product\/plotterdatei-in-ruhe\/\">In Ruhe<\/a>\n<ul class=\"wp-block-list\">\n<li>Ordner Elemente (digitale Karten B6)<\/li>\n<\/ul>\n<\/li>\n<\/ul>\n\n\n\n<p>22.05.2023<\/p>\n\n\n\n<ul class=\"wp-block-list\">\n<li><a href=\"https:\/\/www.kleinegoehre.de\/scrap\/product\/plotterdatei-partytime\/\">Partytime<\/a>\n<ul class=\"wp-block-list\">\n<li>Ordner Elemente (digitale Karten B6)<\/li>\n<\/ul>\n<\/li>\n<\/ul>\n\n\n\n<p>27.04.2023<\/p>\n\n\n\n<ul class=\"wp-block-list\">\n<li><a href=\"https:\/\/www.kleinegoehre.de\/scrap\/product\/plotterdatei-auf-gehts\/\">Auf gehts<\/a>\n<ul class=\"wp-block-list\">\n<li>Ordner Elemente (Fahrrad)<\/li>\n<\/ul>\n<\/li>\n<\/ul>\n\n\n\n<p>22.04.2023<\/p>\n\n\n\n<ul class=\"wp-block-list\">\n<li><a href=\"https:\/\/www.kleinegoehre.de\/scrap\/product\/plotterdatei-definitionssache-familie\/\">Definitionssache Familie<\/a>\n<ul class=\"wp-block-list\">\n<li>Ordner Definition Familiensache (Text Kinder)<\/li>\n<\/ul>\n<\/li>\n<\/ul>\n\n\n\n<p>12.03.2023<\/p>\n\n\n\n<ul class=\"wp-block-list\">\n<li><a href=\"https:\/\/www.kleinegoehre.de\/scrap\/product\/plotterdatei-hallo-schule\/\">Hallo Schule<\/a>\n<ul class=\"wp-block-list\">\n<li>Ordner Elemente (Schulranzen f\u00fcr DS farbig hinterlegt)<\/li>\n<\/ul>\n<\/li>\n<\/ul>\n\n\n\n<p>12.03.2023 <\/p>\n\n\n\n<ul class=\"wp-block-list\">\n<li><a href=\"https:\/\/www.kleinegoehre.de\/scrap\/product\/plotterdatei-fruehlingsboten\/\">Fr\u00fchlingsboten<\/a>\n<ul class=\"wp-block-list\">\n<li>Ordner Elemente (H\u00fchner alle einzeln abgespeichert, PDF erg\u00e4nzt)<\/li>\n<\/ul>\n<\/li>\n<\/ul>\n\n\n\n<p>08.03.2023<\/p>\n\n\n\n<ul class=\"wp-block-list\">\n<li><a href=\"https:\/\/www.kleinegoehre.de\/scrap\/product\/plotterdatei-digitale-stempelei\/\">Digitale Stempelei<\/a>\n<ul class=\"wp-block-list\">\n<li>Ordner Digitale Stempelei (Texte nun alle einzeln abgespeichert)<\/li>\n<\/ul>\n<\/li>\n<\/ul>\n\n\n\n<p>05.03.2023<\/p>\n\n\n\n<ul class=\"wp-block-list\">\n<li><a href=\"https:\/\/www.kleinegoehre.de\/scrap\/product\/plotterdatei-woerter-fuer-weihnachten\/\">W\u00f6rter f\u00fcr Weihnachten<\/a>\n<ul class=\"wp-block-list\">\n<li>Ordner W\u00f6rter f\u00fcr Weihnachten (Texte nun alle einzeln abgespeichert)<\/li>\n<\/ul>\n<\/li>\n<\/ul>\n\n\n\n<p>05.03.2023<\/p>\n\n\n\n<ul class=\"wp-block-list\">\n<li><a href=\"https:\/\/www.kleinegoehre.de\/scrap\/product\/plotterdatei-hallo-kleiner-erdenbuerger\/\">Hallo kleiner Erdenb\u00fcrger<\/a>\n<ul class=\"wp-block-list\">\n<li>Ordner Elemente (Stempelhintergrund)<\/li>\n<\/ul>\n<\/li>\n<\/ul>\n\n\n\n<p>28.02.2023<\/p>\n\n\n\n<ul class=\"wp-block-list\">\n<li><a href=\"https:\/\/www.kleinegoehre.de\/scrap\/product\/plotterdatei-woerter-fuer-alles\/\">W\u00f6rter f\u00fcr alles<\/a>\n<ul class=\"wp-block-list\">\n<li>Ordner W\u00f6rter f\u00fcr alles (Texte nun alle einzeln abgespeichert)<\/li>\n<\/ul>\n<\/li>\n<\/ul>\n\n\n\n<p>28.02.2023<\/p>\n\n\n\n<ul class=\"wp-block-list\">\n<li><a href=\"https:\/\/www.kleinegoehre.de\/scrap\/product\/plotterdatei-schwarz-auf-weiss\/\">Schwarz auf Wei\u00df<\/a>\n<ul class=\"wp-block-list\">\n<li>Ordner Elemente (Klappkarten f\u00fcr DS wei\u00df hinterlegt)<\/li>\n<\/ul>\n<\/li>\n<\/ul>\n\n\n\n<p>05.02.2023 <\/p>\n\n\n\n<ul class=\"wp-block-list\">\n<li><a href=\"https:\/\/www.kleinegoehre.de\/scrap\/product\/plotterdatei-lemmingliebe\/\">Lemmingliebe<\/a>\n<ul class=\"wp-block-list\">\n<li>Ordner Elemente (Zusatzw\u00f6rter)<\/li>\n<\/ul>\n<\/li>\n<\/ul>\n\n\n\n<p>31.01.2023<\/p>\n\n\n\n<ul class=\"wp-block-list\">\n<li><a href=\"https:\/\/www.kleinegoehre.de\/scrap\/product\/plotterdatei-kuhle-sache\/\">Kuhle Sache<\/a>\n<ul class=\"wp-block-list\">\n<li>Ordner Papiere Streifen &amp; Co <\/li>\n<\/ul>\n<\/li>\n<\/ul>\n\n\n\n<p>27.01.2023, 12:08<\/p>\n\n\n\n<ul class=\"wp-block-list\">\n<li><a href=\"https:\/\/www.kleinegoehre.de\/scrap\/product\/plotterdatei-kuhle-sache\/\">Kuhle Sache<\/a>\n<ul class=\"wp-block-list\">\n<li>Ordner Elemente (\u201cKnutsch\u201c-Kuh)<\/li>\n<\/ul>\n<\/li>\n<\/ul>\n\n\n\n<p>20.01.2023<\/p>\n\n\n\n<ul class=\"wp-block-list\">\n<li><a href=\"https:\/\/www.kleinegoehre.de\/scrap\/product\/plotterdatei-selinas-pommesliebe\/\">Selinas Pommesliebe <\/a>\n<ul class=\"wp-block-list\">\n<li>Ordner Elemente (PDF erg\u00e4nzt)<\/li>\n<\/ul>\n<\/li>\n<\/ul>\n\n\n\n<p>16.01.2023<\/p>\n\n\n\n<ul class=\"wp-block-list\">\n<li><a href=\"https:\/\/www.kleinegoehre.de\/scrap\/product\/plotterdatei-allerlei-milchtueten\/\">Allerlei Milcht\u00fcten<\/a><\/li>\n<\/ul>\n\n\n\n<p>04.01.2023<\/p>\n\n\n\n<ul class=\"wp-block-list\">\n<li><a href=\"https:\/\/www.kleinegoehre.de\/scrap\/product\/plotterdatei-stempelliebe\/\">Stempelliebe<\/a>\n<ul class=\"wp-block-list\">\n<li>Ordner Elemente (Zwillingsstempel)<\/li>\n<\/ul>\n<\/li>\n<\/ul>\n","protected":false},"excerpt":{"rendered":"<p>Hier findet ihr alle \u00c4nderungen an bestehenden Sets 22.09.2025 28.08.2025 28.07.2025 28.07.2025 28.07.2025 28.07.2025 17.07.2025 13.07.2025 07.04.2025 26.03.2025 05.02.2025 19.12.2024 26.11.2024 23.11.2024 20.11.2024 20.11.2024 09.11.2024 30.09.2024 23.09.2024 06.08.2024 19.04.2024 16.04.2024 30.03.2024 25.02.2024 09.02.2024 24.01.2024 18.01.2024 07.11.2023 27.10.2023 10.10.2023 09.10.2023 03.10.2023 28.09.2023 18.09.2023 12.09.2023 01.09.2023 (11:22 Uhr) 21.08.2023 18.08.2023 31.07.2023 24.07.2023 24.07.2023 18.06.2023 12.06.2023 22.05.2023 27.04.2023 [&hellip;]<\/p>\n","protected":false},"author":1,"featured_media":0,"parent":0,"menu_order":0,"comment_status":"closed","ping_status":"closed","template":"","meta":{"footnotes":""},"class_list":["post-327163","page","type-page","status-publish","hentry"],"yoast_head":"<!-- This site is optimized with the Yoast SEO plugin v26.4 - https:\/\/yoast.com\/wordpress\/plugins\/seo\/ -->\n<title>Neuigkeiten - kleine g\u00f6hr.e design<\/title>\n<meta name=\"robots\" content=\"index, follow, max-snippet:-1, max-image-preview:large, max-video-preview:-1\" \/>\n<link rel=\"canonical\" href=\"https:\/\/www.kleinegoehre.de\/scrap\/neuigkeiten\/\" \/>\n<meta property=\"og:locale\" content=\"de_DE\" \/>\n<meta property=\"og:type\" content=\"article\" \/>\n<meta property=\"og:title\" content=\"Neuigkeiten - kleine g\u00f6hr.e design\" \/>\n<meta property=\"og:description\" content=\"Hier findet ihr alle \u00c4nderungen an bestehenden Sets 22.09.2025 28.08.2025 28.07.2025 28.07.2025 28.07.2025 28.07.2025 17.07.2025 13.07.2025 07.04.2025 26.03.2025 05.02.2025 19.12.2024 26.11.2024 23.11.2024 20.11.2024 20.11.2024 09.11.2024 30.09.2024 23.09.2024 06.08.2024 19.04.2024 16.04.2024 30.03.2024 25.02.2024 09.02.2024 24.01.2024 18.01.2024 07.11.2023 27.10.2023 10.10.2023 09.10.2023 03.10.2023 28.09.2023 18.09.2023 12.09.2023 01.09.2023 (11:22 Uhr) 21.08.2023 18.08.2023 31.07.2023 24.07.2023 24.07.2023 18.06.2023 12.06.2023 22.05.2023 27.04.2023 [&hellip;]\" \/>\n<meta property=\"og:url\" content=\"https:\/\/www.kleinegoehre.de\/scrap\/neuigkeiten\/\" \/>\n<meta property=\"og:site_name\" content=\"kleine g\u00f6hr.e design\" \/>\n<meta property=\"article:publisher\" content=\"https:\/\/www.facebook.com\/kleinegoehredesign\/\" \/>\n<meta property=\"article:modified_time\" content=\"2025-09-22T20:10:07+00:00\" \/>\n<meta name=\"twitter:card\" content=\"summary_large_image\" \/>\n<meta name=\"twitter:label1\" content=\"Gesch\u00e4tzte Lesezeit\" \/>\n\t<meta name=\"twitter:data1\" content=\"3\u00a0Minuten\" \/>\n<script type=\"application\/ld+json\" class=\"yoast-schema-graph\">{\"@context\":\"https:\/\/schema.org\",\"@graph\":[{\"@type\":\"WebPage\",\"@id\":\"https:\/\/www.kleinegoehre.de\/scrap\/neuigkeiten\/\",\"url\":\"https:\/\/www.kleinegoehre.de\/scrap\/neuigkeiten\/\",\"name\":\"Neuigkeiten - kleine g\u00f6hr.e design\",\"isPartOf\":{\"@id\":\"https:\/\/www.kleinegoehre.de\/scrap\/#website\"},\"datePublished\":\"2023-01-09T13:38:32+00:00\",\"dateModified\":\"2025-09-22T20:10:07+00:00\",\"breadcrumb\":{\"@id\":\"https:\/\/www.kleinegoehre.de\/scrap\/neuigkeiten\/#breadcrumb\"},\"inLanguage\":\"de\",\"potentialAction\":[{\"@type\":\"ReadAction\",\"target\":[\"https:\/\/www.kleinegoehre.de\/scrap\/neuigkeiten\/\"]}]},{\"@type\":\"BreadcrumbList\",\"@id\":\"https:\/\/www.kleinegoehre.de\/scrap\/neuigkeiten\/#breadcrumb\",\"itemListElement\":[{\"@type\":\"ListItem\",\"position\":1,\"name\":\"Startseite\",\"item\":\"https:\/\/www.kleinegoehre.de\/scrap\/\"},{\"@type\":\"ListItem\",\"position\":2,\"name\":\"Neuigkeiten\"}]},{\"@type\":\"WebSite\",\"@id\":\"https:\/\/www.kleinegoehre.de\/scrap\/#website\",\"url\":\"https:\/\/www.kleinegoehre.de\/scrap\/\",\"name\":\"kleine g\u00f6hr.e design\",\"description\":\"In unser Shop auf kleinegoehre.de findet ihr Plotterdateien zu vielen verschiedenen Themen. Dazu bieten wir euch eine riesen Auswahl an digitalen Papieren.\",\"publisher\":{\"@id\":\"https:\/\/www.kleinegoehre.de\/scrap\/#organization\"},\"potentialAction\":[{\"@type\":\"SearchAction\",\"target\":{\"@type\":\"EntryPoint\",\"urlTemplate\":\"https:\/\/www.kleinegoehre.de\/scrap\/?s={search_term_string}\"},\"query-input\":{\"@type\":\"PropertyValueSpecification\",\"valueRequired\":true,\"valueName\":\"search_term_string\"}}],\"inLanguage\":\"de\"},{\"@type\":\"Organization\",\"@id\":\"https:\/\/www.kleinegoehre.de\/scrap\/#organization\",\"name\":\"kleine g\u00f6hre design\",\"url\":\"https:\/\/www.kleinegoehre.de\/scrap\/\",\"logo\":{\"@type\":\"ImageObject\",\"inLanguage\":\"de\",\"@id\":\"https:\/\/www.kleinegoehre.de\/scrap\/#\/schema\/logo\/image\/\",\"url\":\"https:\/\/www.kleinegoehre.de\/scrap\/wp-content\/uploads\/2018\/06\/14859829_1423290007698523_869036772071302726_o.jpg\",\"contentUrl\":\"https:\/\/www.kleinegoehre.de\/scrap\/wp-content\/uploads\/2018\/06\/14859829_1423290007698523_869036772071302726_o.jpg\",\"width\":1181,\"height\":1181,\"caption\":\"kleine g\u00f6hre design\"},\"image\":{\"@id\":\"https:\/\/www.kleinegoehre.de\/scrap\/#\/schema\/logo\/image\/\"},\"sameAs\":[\"https:\/\/www.facebook.com\/kleinegoehredesign\/\",\"https:\/\/www.youtube.com\/channel\/UCZa4qAhMHSp7-gsPt9Hoy2w\"]}]}<\/script>\n<!-- \/ Yoast SEO plugin. -->","yoast_head_json":{"title":"Neuigkeiten - kleine g\u00f6hr.e design","robots":{"index":"index","follow":"follow","max-snippet":"max-snippet:-1","max-image-preview":"max-image-preview:large","max-video-preview":"max-video-preview:-1"},"canonical":"https:\/\/www.kleinegoehre.de\/scrap\/neuigkeiten\/","og_locale":"de_DE","og_type":"article","og_title":"Neuigkeiten - kleine g\u00f6hr.e design","og_description":"Hier findet ihr alle \u00c4nderungen an bestehenden Sets 22.09.2025 28.08.2025 28.07.2025 28.07.2025 28.07.2025 28.07.2025 17.07.2025 13.07.2025 07.04.2025 26.03.2025 05.02.2025 19.12.2024 26.11.2024 23.11.2024 20.11.2024 20.11.2024 09.11.2024 30.09.2024 23.09.2024 06.08.2024 19.04.2024 16.04.2024 30.03.2024 25.02.2024 09.02.2024 24.01.2024 18.01.2024 07.11.2023 27.10.2023 10.10.2023 09.10.2023 03.10.2023 28.09.2023 18.09.2023 12.09.2023 01.09.2023 (11:22 Uhr) 21.08.2023 18.08.2023 31.07.2023 24.07.2023 24.07.2023 18.06.2023 12.06.2023 22.05.2023 27.04.2023 [&hellip;]","og_url":"https:\/\/www.kleinegoehre.de\/scrap\/neuigkeiten\/","og_site_name":"kleine g\u00f6hr.e design","article_publisher":"https:\/\/www.facebook.com\/kleinegoehredesign\/","article_modified_time":"2025-09-22T20:10:07+00:00","twitter_card":"summary_large_image","twitter_misc":{"Gesch\u00e4tzte Lesezeit":"3\u00a0Minuten"},"schema":{"@context":"https:\/\/schema.org","@graph":[{"@type":"WebPage","@id":"https:\/\/www.kleinegoehre.de\/scrap\/neuigkeiten\/","url":"https:\/\/www.kleinegoehre.de\/scrap\/neuigkeiten\/","name":"Neuigkeiten - kleine g\u00f6hr.e design","isPartOf":{"@id":"https:\/\/www.kleinegoehre.de\/scrap\/#website"},"datePublished":"2023-01-09T13:38:32+00:00","dateModified":"2025-09-22T20:10:07+00:00","breadcrumb":{"@id":"https:\/\/www.kleinegoehre.de\/scrap\/neuigkeiten\/#breadcrumb"},"inLanguage":"de","potentialAction":[{"@type":"ReadAction","target":["https:\/\/www.kleinegoehre.de\/scrap\/neuigkeiten\/"]}]},{"@type":"BreadcrumbList","@id":"https:\/\/www.kleinegoehre.de\/scrap\/neuigkeiten\/#breadcrumb","itemListElement":[{"@type":"ListItem","position":1,"name":"Startseite","item":"https:\/\/www.kleinegoehre.de\/scrap\/"},{"@type":"ListItem","position":2,"name":"Neuigkeiten"}]},{"@type":"WebSite","@id":"https:\/\/www.kleinegoehre.de\/scrap\/#website","url":"https:\/\/www.kleinegoehre.de\/scrap\/","name":"kleine g\u00f6hr.e design","description":"In unser Shop auf kleinegoehre.de findet ihr Plotterdateien zu vielen verschiedenen Themen. Dazu bieten wir euch eine riesen Auswahl an digitalen Papieren.","publisher":{"@id":"https:\/\/www.kleinegoehre.de\/scrap\/#organization"},"potentialAction":[{"@type":"SearchAction","target":{"@type":"EntryPoint","urlTemplate":"https:\/\/www.kleinegoehre.de\/scrap\/?s={search_term_string}"},"query-input":{"@type":"PropertyValueSpecification","valueRequired":true,"valueName":"search_term_string"}}],"inLanguage":"de"},{"@type":"Organization","@id":"https:\/\/www.kleinegoehre.de\/scrap\/#organization","name":"kleine g\u00f6hre design","url":"https:\/\/www.kleinegoehre.de\/scrap\/","logo":{"@type":"ImageObject","inLanguage":"de","@id":"https:\/\/www.kleinegoehre.de\/scrap\/#\/schema\/logo\/image\/","url":"https:\/\/www.kleinegoehre.de\/scrap\/wp-content\/uploads\/2018\/06\/14859829_1423290007698523_869036772071302726_o.jpg","contentUrl":"https:\/\/www.kleinegoehre.de\/scrap\/wp-content\/uploads\/2018\/06\/14859829_1423290007698523_869036772071302726_o.jpg","width":1181,"height":1181,"caption":"kleine g\u00f6hre design"},"image":{"@id":"https:\/\/www.kleinegoehre.de\/scrap\/#\/schema\/logo\/image\/"},"sameAs":["https:\/\/www.facebook.com\/kleinegoehredesign\/","https:\/\/www.youtube.com\/channel\/UCZa4qAhMHSp7-gsPt9Hoy2w"]}]}},"_links":{"self":[{"href":"https:\/\/www.kleinegoehre.de\/scrap\/wp-json\/wp\/v2\/pages\/327163","targetHints":{"allow":["GET"]}}],"collection":[{"href":"https:\/\/www.kleinegoehre.de\/scrap\/wp-json\/wp\/v2\/pages"}],"about":[{"href":"https:\/\/www.kleinegoehre.de\/scrap\/wp-json\/wp\/v2\/types\/page"}],"author":[{"embeddable":true,"href":"https:\/\/www.kleinegoehre.de\/scrap\/wp-json\/wp\/v2\/users\/1"}],"replies":[{"embeddable":true,"href":"https:\/\/www.kleinegoehre.de\/scrap\/wp-json\/wp\/v2\/comments?post=327163"}],"version-history":[{"count":61,"href":"https:\/\/www.kleinegoehre.de\/scrap\/wp-json\/wp\/v2\/pages\/327163\/revisions"}],"predecessor-version":[{"id":452644,"href":"https:\/\/www.kleinegoehre.de\/scrap\/wp-json\/wp\/v2\/pages\/327163\/revisions\/452644"}],"wp:attachment":[{"href":"https:\/\/www.kleinegoehre.de\/scrap\/wp-json\/wp\/v2\/media?parent=327163"}],"curies":[{"name":"wp","href":"https:\/\/api.w.org\/{rel}","templated":true}]}}